{"id":1255,"date":"2021-10-21T08:28:03","date_gmt":"2021-10-21T08:28:03","guid":{"rendered":"https:\/\/demo.bravisthemes.com\/lawgne\/?page_id=1255"},"modified":"2025-09-11T19:34:26","modified_gmt":"2025-09-11T19:34:26","slug":"about-us","status":"publish","type":"page","link":"https:\/\/nuevoprevenir.co\/?page_id=1255","title":{"rendered":"Qui\u00e9nes Somos"},"content":{"rendered":"\t\t<div data-elementor-type=\"wp-page\" data-elementor-id=\"1255\" class=\"elementor elementor-1255\">\n\t\t\t\t        <section class=\"elementor-section elementor-top-section elementor-element elementor-element-5455c7f elementor-section-boxed elementor-section-height-default elementor-section-height-default kng-section-overflow-hidden-no kng-boxed-bg-false kng-section-boxed-divider-false\" data-id=\"5455c7f\" data-element_type=\"section\">\n                                             \n            <div class=\"elementor-container elementor-column-gap-default \">\n                    <div class=\"elementor-column elementor-col-50 elementor-top-column elementor-element elementor-element-187e5e9 kng-column-element-default\" data-id=\"187e5e9\" data-element_type=\"column\">\n                        <div class=\"elementor-widget-wrap elementor-element-populated\">\n                     \n            \n         \n        \t\t<div class=\"elementor-element elementor-element-55ca203 kng-heading-layout-2 elementor-widget elementor-widget-kng_heading\" data-id=\"55ca203\" data-element_type=\"widget\" data-widget_type=\"kng_heading.default\">\n\t\t\t\t<div class=\"elementor-widget-container\">\n\t\t\t\t\t<div class=\"kng-heading-wrap \">\n            <div class=\"item-sub-title style-divider\">\n            <span>Sobre nosotros <\/span>\n        <\/div>\n        <h2 class=\"item-title\">\n        <span>Qui\u00e9nes somos <\/span>    <\/h2>\n<\/div>\n\n\t\t\t\t<\/div>\n\t\t\t\t<\/div>\n\t\t\t\t<div class=\"elementor-element elementor-element-0759b49 elementor-widget elementor-widget-text-editor\" data-id=\"0759b49\" data-element_type=\"widget\" data-widget_type=\"text-editor.default\">\n\t\t\t\t\t\t\t\t\t<p>20 a\u00f1os de experiencia en soluciones legales\u00a0<\/p>\t\t\t\t\t\t\t\t<\/div>\n\t\t\t\t<div class=\"elementor-element elementor-element-99e28e9 elementor-widget elementor-widget-text-editor\" data-id=\"99e28e9\" data-element_type=\"widget\" data-widget_type=\"text-editor.default\">\n\t\t\t\t\t\t\t\t\t<p>Somos una compa\u00f1\u00eda que impacta positivamente la vida de nuestros afiliados, por medio de nuestros planes de previsi\u00f3n y alianzas estrat\u00e9gicas con equipos interdisciplinarios en las \u00e1reas de la Salud, Derecho y Contadur\u00eda P\u00fablica, brindando a nuestros suscriptores soluciones integrales para la prevenci\u00f3n y tranquilidad de toda su familia.<\/p>\t\t\t\t\t\t\t\t<\/div>\n\t\t\t\t<div class=\"elementor-element elementor-element-631c472 elementor-widget elementor-widget-text-editor\" data-id=\"631c472\" data-element_type=\"widget\" data-widget_type=\"text-editor.default\">\n\t\t\t\t\t\t\t\t\t<h2>Misi\u00f3n\u00a0<\/h2><p>Proteger y fortalecer el bienestar de las familias en Colombia mediante planes de previsi\u00f3n y soluciones integrales que garanticen la unidad, estabilidad y la resiliencia familiar<\/p>\t\t\t\t\t\t\t\t<\/div>\n\t\t\t\t\t<\/div>\n\t\t<\/div>\n\t\t        <div class=\"elementor-column elementor-col-50 elementor-top-column elementor-element elementor-element-d92cb1b kng-column-element-default\" data-id=\"d92cb1b\" data-element_type=\"column\">\n                        <div class=\"elementor-widget-wrap elementor-element-populated\">\n                     \n            \n         \n        \t\t<div class=\"elementor-element elementor-element-d1d4f7a elementor-widget elementor-widget-image\" data-id=\"d1d4f7a\" data-element_type=\"widget\" data-widget_type=\"image.default\">\n\t\t\t\t\t\t\t\t\t\t\t\t\t\t\t<img fetchpriority=\"high\" decoding=\"async\" width=\"484\" height=\"693\" src=\"https:\/\/nuevoprevenir.co\/wp-content\/uploads\/2025\/09\/quienes-somos.jpg\" class=\"attachment-large size-large wp-image-7659\" alt=\"\" \/>\t\t\t\t\t\t\t\t\t\t\t\t\t\t\t<\/div>\n\t\t\t\t\t<\/div>\n\t\t<\/div>\n\t\t            <\/div>\n        <\/section>\n                <section class=\"elementor-section elementor-top-section elementor-element elementor-element-3744048 elementor-section-boxed elementor-section-height-default elementor-section-height-default kng-section-overflow-hidden-no kng-boxed-bg-false kng-section-boxed-divider-false\" data-id=\"3744048\" data-element_type=\"section\" data-settings=\"{&quot;background_background&quot;:&quot;classic&quot;}\">\n                                    <div class=\"elementor-background-overlay\"><\/div>\n                                         \n            <div class=\"elementor-container elementor-column-gap-default \">\n                    <div class=\"elementor-column elementor-col-100 elementor-top-column elementor-element elementor-element-4d65ea4 kng-column-element-default\" data-id=\"4d65ea4\" data-element_type=\"column\">\n                        <div class=\"elementor-widget-wrap elementor-element-populated\">\n                     \n            \n         \n                <section class=\"elementor-section elementor-inner-section elementor-element elementor-element-6ca6282 elementor-section-boxed elementor-section-height-default elementor-section-height-default kng-section-overflow-hidden-no kng-boxed-bg-false kng-section-boxed-divider-false\" data-id=\"6ca6282\" data-element_type=\"section\">\n                                             \n            <div class=\"elementor-container elementor-column-gap-default \">\n                    <div class=\"elementor-column elementor-col-33 elementor-inner-column elementor-element elementor-element-4d2834d kng-column-element-default\" data-id=\"4d2834d\" data-element_type=\"column\">\n                        <div class=\"elementor-widget-wrap elementor-element-populated\">\n                     \n            \n         \n        \t\t<div class=\"elementor-element elementor-element-570f0ea kng-counter-layout1 elementor-widget elementor-widget-kng_counter\" data-id=\"570f0ea\" data-element_type=\"widget\" data-widget_type=\"kng_counter.default\">\n\t\t\t\t<div class=\"elementor-widget-container\">\n\t\t\t\t\t<div class=\"kng-counter-wrap  layout-1\">\n    <div class=\"kng-row-wrap row gutters-0 justify-content-center\">\n        <div class=\"kng-counter-icon col-auto\">\n                    <div aria-hidden=\"true\" class=\"kng-icon  kng-counter-icon text-60 text-primary kngi kngi-users\" style=\"\"><\/div>                <\/div>\n        <div class=\"kng-count-content col-auto\">\n            <div class=\"kng-counter-number-wrap text-heading\">\n                <span class=\"kng-counter-number-prefix empty-none\"><\/span>\n                <span class=\"kng-counter-number\" data-duration=\"2000\" data-to-value=\"10000\" data-delimiter=\",\">1<\/span><span class=\"kng-counter-number-suffix empty-none\"><\/span>\n            <\/div>\n            <div class=\"kng-counter-title text-\">Clientes satisfechos<\/div>\n            <div class=\"kng-counter-desc text-body\">            <\/div>\n        <\/div>\n    <\/div>\n<\/div>\t\t\t\t<\/div>\n\t\t\t\t<\/div>\n\t\t\t\t\t<\/div>\n\t\t<\/div>\n\t\t        <div class=\"elementor-column elementor-col-33 elementor-inner-column elementor-element elementor-element-2111910 kng-column-element-default\" data-id=\"2111910\" data-element_type=\"column\">\n                        <div class=\"elementor-widget-wrap elementor-element-populated\">\n                     \n            \n         \n        \t\t<div class=\"elementor-element elementor-element-5a652c9 kng-counter-layout1 elementor-widget elementor-widget-kng_counter\" data-id=\"5a652c9\" data-element_type=\"widget\" data-widget_type=\"kng_counter.default\">\n\t\t\t\t<div class=\"elementor-widget-container\">\n\t\t\t\t\t<div class=\"kng-counter-wrap  layout-1\">\n    <div class=\"kng-row-wrap row gutters-0 justify-content-center\">\n        <div class=\"kng-counter-icon col-auto\">\n                    <div aria-hidden=\"true\" class=\"kng-icon  kng-counter-icon text-60 text-accent kngi kngi-trophy-alt\" style=\"\"><\/div>                <\/div>\n        <div class=\"kng-count-content col-auto\">\n            <div class=\"kng-counter-number-wrap text-heading\">\n                <span class=\"kng-counter-number-prefix empty-none\"><\/span>\n                <span class=\"kng-counter-number\" data-duration=\"2000\" data-to-value=\"356\" data-delimiter=\",\">1<\/span><span class=\"kng-counter-number-suffix empty-none\"><\/span>\n            <\/div>\n            <div class=\"kng-counter-title text-\">Certificaciones <\/div>\n            <div class=\"kng-counter-desc text-body\">            <\/div>\n        <\/div>\n    <\/div>\n<\/div>\t\t\t\t<\/div>\n\t\t\t\t<\/div>\n\t\t\t\t\t<\/div>\n\t\t<\/div>\n\t\t        <div class=\"elementor-column elementor-col-33 elementor-inner-column elementor-element elementor-element-6e58724 kng-column-element-default\" data-id=\"6e58724\" data-element_type=\"column\">\n                        <div class=\"elementor-widget-wrap elementor-element-populated\">\n                     \n            \n         \n        \t\t<div class=\"elementor-element elementor-element-84c7ff5 kng-counter-layout1 elementor-widget elementor-widget-kng_counter\" data-id=\"84c7ff5\" data-element_type=\"widget\" data-widget_type=\"kng_counter.default\">\n\t\t\t\t<div class=\"elementor-widget-container\">\n\t\t\t\t\t<div class=\"kng-counter-wrap  layout-1\">\n    <div class=\"kng-row-wrap row gutters-0 justify-content-center\">\n        <div class=\"kng-counter-icon col-auto\">\n                    <div aria-hidden=\"true\" class=\"kng-icon  kng-counter-icon text-60 text-accent far fa-handshake-alt\" style=\"\"><\/div>                <\/div>\n        <div class=\"kng-count-content col-auto\">\n            <div class=\"kng-counter-number-wrap text-heading\">\n                <span class=\"kng-counter-number-prefix empty-none\"><\/span>\n                <span class=\"kng-counter-number\" data-duration=\"2000\" data-to-value=\"450\" data-delimiter=\",\">1<\/span><span class=\"kng-counter-number-suffix empty-none\"><\/span>\n            <\/div>\n            <div class=\"kng-counter-title text-\">Convenios<\/div>\n            <div class=\"kng-counter-desc text-body\">            <\/div>\n        <\/div>\n    <\/div>\n<\/div>\t\t\t\t<\/div>\n\t\t\t\t<\/div>\n\t\t\t\t\t<\/div>\n\t\t<\/div>\n\t\t            <\/div>\n        <\/section>\n        \t\t\t<\/div>\n\t\t<\/div>\n\t\t            <\/div>\n        <\/section>\n                <section class=\"elementor-section elementor-top-section elementor-element elementor-element-04c3226 elementor-section-boxed elementor-section-height-default elementor-section-height-default kng-section-overflow-hidden-no kng-boxed-bg-false kng-section-boxed-divider-false\" data-id=\"04c3226\" data-element_type=\"section\" data-settings=\"{&quot;background_background&quot;:&quot;classic&quot;}\">\n                                    <div class=\"elementor-background-overlay\"><\/div>\n                                         \n            <div class=\"elementor-container elementor-column-gap-default \">\n                    <div class=\"elementor-column elementor-col-100 elementor-top-column elementor-element elementor-element-a797966 kng-column-element-default\" data-id=\"a797966\" data-element_type=\"column\">\n                        <div class=\"elementor-widget-wrap elementor-element-populated\">\n                     \n            \n         \n        \t\t<div class=\"elementor-element elementor-element-75d640b kng-heading-layout-2 elementor-widget elementor-widget-kng_heading\" data-id=\"75d640b\" data-element_type=\"widget\" data-widget_type=\"kng_heading.default\">\n\t\t\t\t<div class=\"elementor-widget-container\">\n\t\t\t\t\t<div class=\"kng-heading-wrap text-center\">\n            <div class=\"item-sub-title style-divider\">\n            <span>Nuevo prevenir <\/span>\n        <\/div>\n        <h2 class=\"item-title\">\n        <span>\u00bfQue hacemos?<\/span>    <\/h2>\n<\/div>\n\n\t\t\t\t<\/div>\n\t\t\t\t<\/div>\n\t\t        <section class=\"elementor-section elementor-inner-section elementor-element elementor-element-89a9cb6 elementor-section-boxed elementor-section-height-default elementor-section-height-default kng-section-overflow-hidden-no kng-boxed-bg-false kng-section-boxed-divider-false\" data-id=\"89a9cb6\" data-element_type=\"section\">\n                                             \n            <div class=\"elementor-container elementor-column-gap-default \">\n                    <div class=\"elementor-column elementor-col-50 elementor-inner-column elementor-element elementor-element-988c4ec kng-column-element-default\" data-id=\"988c4ec\" data-element_type=\"column\">\n                        <div class=\"elementor-widget-wrap elementor-element-populated\">\n                     \n            \n         \n        \t\t<div class=\"elementor-element elementor-element-3281ab8 kng-fancybox-layout-2 elementor-widget elementor-widget-kng_fancy_box\" data-id=\"3281ab8\" data-element_type=\"widget\" data-widget_type=\"kng_fancy_box.default\">\n\t\t\t\t<div class=\"elementor-widget-container\">\n\t\t\t\t\t \r\n<div class=\"kng-fancybox d-flex relative       \">\r\n    <div class=\"d-flex gutters-30\">\r\n                    <div class=\"kng-fancy-icon-wrap col-auto col-sm-12 col-md-auto relative kng-transition\">        <div aria-hidden=\"true\" class=\"kng-icon kng-transition kng-fancy-icon kngf kngf-gavel\" style=\"\"><\/div>        <\/div>\r\n                 \r\n        <div class=\"kng-fancybox-content col kng-transition\">\r\n                        <div class=\"kng-fancy-title kng-heading h4 text-heading\">\r\n                <a href=\"?practice=corporate-law\" target=\"_blank\">                    Asesor\u00edas jur\u00eddicas                 <\/a>            <\/div>\r\n                                    <div class=\"kng-fancy-description text-body\">Contamos con un equipo de profesionales altamente certificados. <\/div>\r\n                    <\/div>\r\n    <\/div>   \r\n<\/div>\r\n \r\n\r\n\r\n\r\n\t\t\t\t<\/div>\n\t\t\t\t<\/div>\n\t\t\t\t\t<\/div>\n\t\t<\/div>\n\t\t        <div class=\"elementor-column elementor-col-50 elementor-inner-column elementor-element elementor-element-15bb940 kng-column-element-default\" data-id=\"15bb940\" data-element_type=\"column\">\n                        <div class=\"elementor-widget-wrap elementor-element-populated\">\n                     \n            \n         \n        \t\t<div class=\"elementor-element elementor-element-fe7056e kng-fancybox-layout-2 elementor-widget elementor-widget-kng_fancy_box\" data-id=\"fe7056e\" data-element_type=\"widget\" data-widget_type=\"kng_fancy_box.default\">\n\t\t\t\t<div class=\"elementor-widget-container\">\n\t\t\t\t\t \r\n<div class=\"kng-fancybox d-flex relative       \">\r\n    <div class=\"d-flex gutters-30\">\r\n                    <div class=\"kng-fancy-icon-wrap col-auto col-sm-12 col-md-auto relative kng-transition\">        <div aria-hidden=\"true\" class=\"kng-icon kng-transition kng-fancy-icon kngf kngf-civil-right\" style=\"\"><\/div>        <\/div>\r\n                 \r\n        <div class=\"kng-fancybox-content col kng-transition\">\r\n                        <div class=\"kng-fancy-title kng-heading h4 text-heading\">\r\n                <a href=\"?practice=power-energy\" target=\"_blank\">                    Auxilio Funerario                 <\/a>            <\/div>\r\n                                    <div class=\"kng-fancy-description text-body\">La importancia de estar preparado para cada momento de la vida.<\/div>\r\n                    <\/div>\r\n    <\/div>   \r\n<\/div>\r\n \r\n\r\n\r\n\r\n\t\t\t\t<\/div>\n\t\t\t\t<\/div>\n\t\t\t\t\t<\/div>\n\t\t<\/div>\n\t\t            <\/div>\n        <\/section>\n                <section class=\"elementor-section elementor-inner-section elementor-element elementor-element-2e2a163 elementor-section-boxed elementor-section-height-default elementor-section-height-default kng-section-overflow-hidden-no kng-boxed-bg-false kng-section-boxed-divider-false\" data-id=\"2e2a163\" data-element_type=\"section\">\n                                             \n            <div class=\"elementor-container elementor-column-gap-default \">\n                    <div class=\"elementor-column elementor-col-50 elementor-inner-column elementor-element elementor-element-fa2177e kng-column-element-default\" data-id=\"fa2177e\" data-element_type=\"column\">\n                        <div class=\"elementor-widget-wrap elementor-element-populated\">\n                     \n            \n         \n        \t\t<div class=\"elementor-element elementor-element-d7d7af3 kng-fancybox-layout-2 elementor-widget elementor-widget-kng_fancy_box\" data-id=\"d7d7af3\" data-element_type=\"widget\" data-widget_type=\"kng_fancy_box.default\">\n\t\t\t\t<div class=\"elementor-widget-container\">\n\t\t\t\t\t \r\n<div class=\"kng-fancybox d-flex relative       \">\r\n    <div class=\"d-flex gutters-30\">\r\n                    <div class=\"kng-fancy-icon-wrap col-auto col-sm-12 col-md-auto relative kng-transition\">        <div aria-hidden=\"true\" class=\"kng-icon kng-transition kng-fancy-icon kngf kngf-contract\" style=\"\"><\/div>        <\/div>\r\n                 \r\n        <div class=\"kng-fancybox-content col kng-transition\">\r\n                        <div class=\"kng-fancy-title kng-heading h4 text-heading\">\r\n                <a href=\"?practice=traffic-violence\" target=\"_blank\">                    Asesor\u00eda contable                 <\/a>            <\/div>\r\n                                    <div class=\"kng-fancy-description text-body\">La importancia de estar preparado para cada momento de la vida.<\/div>\r\n                    <\/div>\r\n    <\/div>   \r\n<\/div>\r\n \r\n\r\n\r\n\r\n\t\t\t\t<\/div>\n\t\t\t\t<\/div>\n\t\t\t\t\t<\/div>\n\t\t<\/div>\n\t\t        <div class=\"elementor-column elementor-col-50 elementor-inner-column elementor-element elementor-element-cd93223 kng-column-element-default\" data-id=\"cd93223\" data-element_type=\"column\">\n                        <div class=\"elementor-widget-wrap elementor-element-populated\">\n                     \n            \n         \n        \t\t<div class=\"elementor-element elementor-element-7c834a3 kng-fancybox-layout-2 elementor-widget elementor-widget-kng_fancy_box\" data-id=\"7c834a3\" data-element_type=\"widget\" data-widget_type=\"kng_fancy_box.default\">\n\t\t\t\t<div class=\"elementor-widget-container\">\n\t\t\t\t\t \r\n<div class=\"kng-fancybox d-flex relative       \">\r\n    <div class=\"d-flex gutters-30\">\r\n                    <div class=\"kng-fancy-icon-wrap col-auto col-sm-12 col-md-auto relative kng-transition\">        <div aria-hidden=\"true\" class=\"kng-icon kng-transition kng-fancy-icon kngf kngf-stethoscope\" style=\"\"><\/div>        <\/div>\r\n                 \r\n        <div class=\"kng-fancybox-content col kng-transition\">\r\n                        <div class=\"kng-fancy-title kng-heading h4 text-heading\">\r\n                <a href=\"?practice=family-crimes\" target=\"_blank\">                    Prevenci\u00f3n en salud                 <\/a>            <\/div>\r\n                                    <div class=\"kng-fancy-description text-body\">Brigadas de salud en todo el territorio nacional para los afiliados.<\/div>\r\n                    <\/div>\r\n    <\/div>   \r\n<\/div>\r\n \r\n\r\n\r\n\r\n\t\t\t\t<\/div>\n\t\t\t\t<\/div>\n\t\t\t\t\t<\/div>\n\t\t<\/div>\n\t\t            <\/div>\n        <\/section>\n        \t\t\t<\/div>\n\t\t<\/div>\n\t\t            <\/div>\n        <\/section>\n                <section class=\"elementor-section elementor-top-section elementor-element elementor-element-52a95d4 elementor-section-boxed elementor-section-height-default elementor-section-height-default kng-section-overflow-hidden-no kng-boxed-bg-false kng-section-boxed-divider-false\" data-id=\"52a95d4\" data-element_type=\"section\">\n                                    <div class=\"elementor-background-overlay\"><\/div>\n                                         \n            <div class=\"elementor-container elementor-column-gap-default \">\n                    <div class=\"elementor-column elementor-col-100 elementor-top-column elementor-element elementor-element-26a098b kng-column-element-default\" data-id=\"26a098b\" data-element_type=\"column\">\n                        <div class=\"elementor-widget-wrap elementor-element-populated\">\n                     \n            \n         \n        \t\t<div class=\"elementor-element elementor-element-a9ed8bb kng-cta-layout-1 elementor-widget elementor-widget-kng_cta\" data-id=\"a9ed8bb\" data-element_type=\"widget\" data-widget_type=\"kng_cta.default\">\n\t\t\t\t<div class=\"elementor-widget-container\">\n\t\t\t\t\t<div class=\"kng-cta-wrap\">\n\t<div class=\"cta-inner row justify-content-center justify-content-lg-between align-items-center\">\n\t\t<div class=\"col-auto\">\n\t\t\t<h3 class=\"kng-cta-title text-white\">Elige tu despacho de abogados, elige la mejor atenci\u00f3n para ti.<\/h3>\n\t\t<\/div>\n\t\t<div class=\"col-auto\">\n\t\t\t<div class=\"row gutters-10 align-items-center justify-content-center justify-content-lg-end\">\n\t\t\t        <div class=\"kng-btn-wraps btn1 col-auto text-\" data-url=&quot;#&quot; data-settings=\"\">\r\n                    <a href=\"https:\/\/nuevoprevenir.co\/?page_id=186\" class=\"btn btn-outline white\" data-url=\"#\">\r\n                <span class=\"kng-btn-content kng-btn-content-cta_link1\">\r\n                                            <span class=\"kng-btn-icon kng-align-icon-right text-15 uppercase rtl-flip\">\r\n                            <i aria-hidden=\"true\" class=\"kngi kngi-arrow-right-solid\"><\/i>                        <\/span>\r\n                                        <span class=\"kng-btn-text\">Cont\u00e1ctanos<\/span>\r\n                                    <\/span>\r\n            <\/a>\r\n                <\/div>\r\n        \t\t\t<\/div>\n\t\t<\/div>\n\t<\/div>\n<\/div>\t\t\t\t<\/div>\n\t\t\t\t<\/div>\n\t\t\t\t\t<\/div>\n\t\t<\/div>\n\t\t            <\/div>\n        <\/section>\n        \t\t<\/div>\n\t\t","protected":false},"excerpt":{"rendered":"<p>Sobre nosotros Qui\u00e9nes somos 20 a\u00f1os de experiencia en soluciones legales\u00a0 Somos una compa\u00f1\u00eda que impacta positivamente la vida de nuestros afiliados, por medio de nuestros planes de previsi\u00f3n y alianzas estrat\u00e9gicas con equipos interdisciplinarios en las \u00e1reas de la Salud, Derecho y Contadur\u00eda P\u00fablica, brindando a nuestros suscriptores soluciones integrales para la prevenci\u00f3n y [&hellip;]<\/p>\n","protected":false},"author":1,"featured_media":0,"parent":0,"menu_order":0,"comment_status":"closed","ping_status":"closed","template":"","meta":{"footnotes":""},"class_list":["post-1255","page","type-page","status-publish","hentry","kng-no-post-thumbnail"],"_links":{"self":[{"href":"https:\/\/nuevoprevenir.co\/index.php?rest_route=\/wp\/v2\/pages\/1255","targetHints":{"allow":["GET"]}}],"collection":[{"href":"https:\/\/nuevoprevenir.co\/index.php?rest_route=\/wp\/v2\/pages"}],"about":[{"href":"https:\/\/nuevoprevenir.co\/index.php?rest_route=\/wp\/v2\/types\/page"}],"author":[{"embeddable":true,"href":"https:\/\/nuevoprevenir.co\/index.php?rest_route=\/wp\/v2\/users\/1"}],"replies":[{"embeddable":true,"href":"https:\/\/nuevoprevenir.co\/index.php?rest_route=%2Fwp%2Fv2%2Fcomments&post=1255"}],"version-history":[{"count":19,"href":"https:\/\/nuevoprevenir.co\/index.php?rest_route=\/wp\/v2\/pages\/1255\/revisions"}],"predecessor-version":[{"id":7813,"href":"https:\/\/nuevoprevenir.co\/index.php?rest_route=\/wp\/v2\/pages\/1255\/revisions\/7813"}],"wp:attachment":[{"href":"https:\/\/nuevoprevenir.co\/index.php?rest_route=%2Fwp%2Fv2%2Fmedia&parent=1255"}],"curies":[{"name":"wp","href":"https:\/\/api.w.org\/{rel}","templated":true}]}}