{"id":7715,"date":"2025-09-11T16:07:27","date_gmt":"2025-09-11T16:07:27","guid":{"rendered":"https:\/\/www.serviciosweb.com.co\/nuevoprevenir\/?page_id=7715"},"modified":"2025-09-11T17:13:24","modified_gmt":"2025-09-11T17:13:24","slug":"membresia-bronce","status":"publish","type":"page","link":"https:\/\/nuevoprevenir.co\/?page_id=7715","title":{"rendered":"Membres\u00eda Bronce"},"content":{"rendered":"\t\t<div data-elementor-type=\"wp-page\" data-elementor-id=\"7715\" class=\"elementor elementor-7715\">\n\t\t\t\t<div class=\"elementor-element elementor-element-b4eaa8d e-flex e-con-boxed e-con e-parent\" data-id=\"b4eaa8d\" data-element_type=\"container\">\n\t\t\t\t\t<div class=\"e-con-inner\">\n\t\t\t\t<div class=\"elementor-element elementor-element-caa132e kng-heading-layout-1 elementor-widget elementor-widget-kng_heading\" data-id=\"caa132e\" data-element_type=\"widget\" data-widget_type=\"kng_heading.default\">\n\t\t\t\t<div class=\"elementor-widget-container\">\n\t\t\t\t\t<div class=\"kng-heading-wrap text-center\">\n        <h3 class=\"item-title\">\n        <span>\u00danica iversi\u00f3n anual por valor de: $599.999<\/span>    <\/h3>\n    <\/div>\n\n\t\t\t\t<\/div>\n\t\t\t\t<\/div>\n\t\t\t\t\t<\/div>\n\t\t\t\t<\/div>\n\t\t<div class=\"elementor-element elementor-element-2383c38 e-flex e-con-boxed e-con e-parent\" data-id=\"2383c38\" data-element_type=\"container\">\n\t\t\t\t\t<div class=\"e-con-inner\">\n\t\t<div class=\"elementor-element elementor-element-ad3690c e-con-full e-flex e-con e-child\" data-id=\"ad3690c\" data-element_type=\"container\">\n\t\t\t\t<div class=\"elementor-element elementor-element-4cfb94e elementor-widget elementor-widget-text-editor\" data-id=\"4cfb94e\" data-element_type=\"widget\" data-widget_type=\"text-editor.default\">\n\t\t\t\t\t\t\t\t\t<ul><li>Asesor\u00eda jur\u00eddica Gratuita por un a\u00f1o<\/li><li>Auxilio econ\u00f3mico para gastos funerarios<\/li><li>Acceso a brigadas de salud para afiliados<\/li><li>Acceso a Brigadas Jur\u00eddicas para afiliados<\/li><li>Acceso a sorteos promocionales durante un a\u00f1o<\/li><li>Accedo a cursos, talleres y conferencias<\/li><\/ul>\t\t\t\t\t\t\t\t<\/div>\n\t\t\t\t<\/div>\n\t\t<div class=\"elementor-element elementor-element-46f7819 e-con-full e-flex e-con e-child\" data-id=\"46f7819\" data-element_type=\"container\">\n\t\t\t\t<div class=\"elementor-element elementor-element-d72c948 elementor-widget elementor-widget-image\" data-id=\"d72c948\" data-element_type=\"widget\" data-widget_type=\"image.default\">\n\t\t\t\t\t\t\t\t\t\t\t\t\t\t\t<img decoding=\"async\" src=\"https:\/\/nuevoprevenir.co\/wp-content\/uploads\/elementor\/thumbs\/GettyImages-136596059-razones-hombres-doctor-cover-rbknu1j6fekebj07xjt59tvx4kyhgiqjjj5n0d301s.webp\" title=\"GettyImages-136596059-razones-hombres-doctor-cover\" alt=\"GettyImages-136596059-razones-hombres-doctor-cover\" loading=\"lazy\" \/>\t\t\t\t\t\t\t\t\t\t\t\t\t\t\t<\/div>\n\t\t\t\t<\/div>\n\t\t\t\t\t<\/div>\n\t\t\t\t<\/div>\n\t\t\t\t<\/div>\n\t\t","protected":false},"excerpt":{"rendered":"<p>\u00danica iversi\u00f3n anual por valor de: $599.999 Asesor\u00eda jur\u00eddica Gratuita por un a\u00f1o Auxilio econ\u00f3mico para gastos funerarios Acceso a brigadas de salud para afiliados Acceso a Brigadas Jur\u00eddicas para afiliados Acceso a sorteos promocionales durante un a\u00f1o Accedo a cursos, talleres y conferencias<\/p>\n","protected":false},"author":1,"featured_media":0,"parent":0,"menu_order":0,"comment_status":"closed","ping_status":"closed","template":"","meta":{"footnotes":""},"class_list":["post-7715","page","type-page","status-publish","hentry","kng-no-post-thumbnail"],"_links":{"self":[{"href":"https:\/\/nuevoprevenir.co\/index.php?rest_route=\/wp\/v2\/pages\/7715","targetHints":{"allow":["GET"]}}],"collection":[{"href":"https:\/\/nuevoprevenir.co\/index.php?rest_route=\/wp\/v2\/pages"}],"about":[{"href":"https:\/\/nuevoprevenir.co\/index.php?rest_route=\/wp\/v2\/types\/page"}],"author":[{"embeddable":true,"href":"https:\/\/nuevoprevenir.co\/index.php?rest_route=\/wp\/v2\/users\/1"}],"replies":[{"embeddable":true,"href":"https:\/\/nuevoprevenir.co\/index.php?rest_route=%2Fwp%2Fv2%2Fcomments&post=7715"}],"version-history":[{"count":7,"href":"https:\/\/nuevoprevenir.co\/index.php?rest_route=\/wp\/v2\/pages\/7715\/revisions"}],"predecessor-version":[{"id":7735,"href":"https:\/\/nuevoprevenir.co\/index.php?rest_route=\/wp\/v2\/pages\/7715\/revisions\/7735"}],"wp:attachment":[{"href":"https:\/\/nuevoprevenir.co\/index.php?rest_route=%2Fwp%2Fv2%2Fmedia&parent=7715"}],"curies":[{"name":"wp","href":"https:\/\/api.w.org\/{rel}","templated":true}]}}